03-30 15:17:13.359: D/HierarchicalStateMachine(306): handleMessage: E msg.what=83
03-30 15:17:13.359: D/HierarchicalStateMachine(306): processMsg: ConnectedState
03-30 15:17:13.359: D/WifiStateMachine(306): ConnectedState{ what=83 when=-6ms arg1=54 }
03-30 15:17:13.359: D/HierarchicalStateMachine(306): handleMessage: X
03-30 15:17:14.379: V/WindowOrientationListener(306): rotation : 0 Angle: 28 tilt: 34
03-30 15:17:14.409: I/InputReader(306): dispatchTouch::touch event's action is 0, pending(waiting finished signal)=0
03-30 15:17:14.409: I/InputDispatcher(306): Delivering touch to current input target: action: 0, channel '40cf74e8 com.appcelerator.Geolocation/ti.modules.titanium.ui.TiTabActivity (server)'
03-30 15:17:14.409: I/InputDispatcher(306): Delivering touch to current input target: action: 0, channel 'TouchIntercepter (server)'
03-30 15:17:14.499: I/InputReader(306): dispatchTouch::touch event's action is 1, pending(waiting finished signal)=0
03-30 15:17:14.499: I/InputDispatcher(306): Delivering touch to current input target: action: 1, channel '40cf74e8 com.appcelerator.Geolocation/ti.modules.titanium.ui.TiTabActivity (server)'
03-30 15:17:14.499: I/InputDispatcher(306): Delivering touch to current input target: action: 1, channel 'TouchIntercepter (server)'
03-30 15:17:14.539: I/ApplicationPackageManager(12978): cscCountry is not German : XAB
03-30 15:17:14.539: D/TiUIView(12978): (main) [7022,7270] Nativeview is null
03-30 15:17:14.549: D/InputManagerService(306): startInputLocked: cs=ClientState{40ae9288 uid 10061 pid 12978}, cs.pid=12978, Binding.getCallingPid()=306
03-30 15:17:14.549: I/WindowManager(306): Putting input method here!
03-30 15:17:14.549: D/WindowManager(306): w.mAttrs.token=ActivityRecord{40c58018 com.appcelerator.Geolocation/ti.modules.titanium.ui.TiTabActivity}
03-30 15:17:14.549: D/WindowManager(306): Desired input method target: Window{40cf74e8 com.appcelerator.Geolocation/ti.modules.titanium.ui.TiTabActivity paused=false}
03-30 15:17:14.549: D/WindowManager(306): Current focus: Window{40cf74e8 com.appcelerator.Geolocation/ti.modules.titanium.ui.TiTabActivity paused=false}
03-30 15:17:14.549: D/WindowManager(306): Last focus: Window{40cf74e8 com.appcelerator.Geolocation/ti.modules.titanium.ui.TiTabActivity paused=false}
03-30 15:17:14.549: D/WindowManager(306): IM target client: com.android.internal.view.IInputMethodClient$Stub$Proxy@40bfc3a0
03-30 15:17:14.549: D/WindowManager(306): IM target client binder: android.os.BinderProxy@40c6b098
03-30 15:17:14.549: D/WindowManager(306): Requesting client binder: android.os.BinderProxy@40c6b098
03-30 15:17:14.549: D/WindowManager(306): w.mToken=AppWindowToken{41057700 token=ActivityRecord{40c58018 com.appcelerator.Geolocation/ti.modules.titanium.ui.TiTabActivity}}
03-30 15:17:14.549: D/WindowManager(306): token=AppWindowToken{41057700 token=ActivityRecord{40c58018 com.appcelerator.Geolocation/ti.modules.titanium.ui.TiTabActivity}}
03-30 15:17:14.549: I/WindowManager(306): Placing input method @4
03-30 15:17:14.579: D/TiUIView(12978): (main) [44,7314] Nativeview is null
03-30 15:17:15.349: I/InputReader(306): dispatchTouch::touch event's action is 0, pending(waiting finished signal)=0
03-30 15:17:15.349: I/InputDispatcher(306): Delivering touch to current input target: action: 0, channel '40cf74e8 com.appcelerator.Geolocation/ti.modules.titanium.ui.TiTabActivity (server)'
03-30 15:17:15.349: I/InputDispatcher(306): Delivering touch to current input target: action: 0, channel 'TouchIntercepter (server)'
03-30 15:17:15.399: D/dalvikvm(389): GC_EXPLICIT freed 2190K, 21% free 16133K/20167K, paused 9ms+3ms
03-30 15:17:15.479: I/InputReader(306): dispatchTouch::touch event's action is 1, pending(waiting finished signal)=0
03-30 15:17:15.479: I/InputDispatcher(306): Delivering touch to current input target: action: 1, channel '40cf74e8 com.appcelerator.Geolocation/ti.modules.titanium.ui.TiTabActivity (server)'
03-30 15:17:15.479: I/InputDispatcher(306): Delivering touch to current input target: action: 1, channel 'TouchIntercepter (server)'
03-30 15:17:15.689: D/SensorManager(12978): ====>>>>>Num Sensor: 1
03-30 15:17:15.689: D/SensorManager(12978): ====>>>>>Num Sensor: 2
03-30 15:17:15.689: D/SensorManager(12978): ====>>>>>Num Sensor: 3
03-30 15:17:15.689: D/SensorManager(12978): ====>>>>>Num Sensor: 4
03-30 15:17:15.689: D/SensorManager(12978): ====>>>>>Num Sensor: 5
03-30 15:17:15.689: D/SensorManager(12978): ====>>>>>Num Sensor: 6
03-30 15:17:15.689: D/SensorManager(12978): ====>>>>>Num Sensor: 7
03-30 15:17:15.689: D/SensorManager(12978): ====>>>>>Num Sensor: 0
03-30 15:17:15.699: D/dalvikvm(12978): GC_CONCURRENT freed 184K, 4% free 7934K/8263K, paused 4ms+3ms
03-30 15:17:15.709: D/SensorManager(12978): registerListener :: handle = 6 name= AK8975 Orientation Sensor delay= 60000 Listener= ti.modules.titanium.geolocation.TiCompass@409ee5d8
03-30 15:17:15.709: E/SensorManager(12978): =======>>>Sensor Thread RUNNING <<<========
03-30 15:17:15.709: E/AKMD2(306): akm_enable_sensor(3)
03-30 15:17:15.709: E/AKMD2(306): akm_enable_sensor(3)
03-30 15:17:15.709: I/Sensors(306): setDelay :: handle = 6 delay = 200000000
03-30 15:17:15.719: E/AKMD2(306): unknown event code = 33504 value = -2
03-30 15:17:15.719: E/AKMD2(306): unknown event code = 33504 value = -2
03-30 15:17:15.719: E/AKMD2(306): unknown event code = 33504 value = -2
03-30 15:17:15.719: E/AKMD2(306): unknown event code = 33504 value = -2
03-30 15:17:15.719: E/AKMD2(306): unknown event code = 33504 value = -2
03-30 15:17:15.719: E/AKMD2(306): unknown event code = 33504 value = -2
03-30 15:17:15.719: E/AKMD2(306): unknown event code = 33504 value = -2
03-30 15:17:15.719: E/AKMD2(306): unknown event code = 33504 value = -2
03-30 15:17:15.719: E/AKMD2(306): unknown event code = 33504 value = -2
03-30 15:17:15.719: E/AKMD2(306): unknown event code = 33504 value = -2
03-30 15:17:15.719: E/AKMD2(306): unknown event code = 33504 value = -2
03-30 15:17:15.719: E/AKMD2(306): AKD_GetAccelerationData read() failed
03-30 15:17:15.719: E/AKMD2(306): AKMD2: GetAccVec failed
03-30 15:17:15.719: I/Sensors(306): setDelay :: handle = 6 delay = 60000000
03-30 15:17:15.729: E/AKMD2(306): AKD_GetAccelerationData read() failed
03-30 15:17:15.729: E/AKMD2(306): AKMD2: GetAccVec failed
03-30 15:17:15.739: E/AKMD2(306): AKD_GetAccelerationData read() failed
03-30 15:17:15.739: E/AKMD2(306): AKMD2: GetAccVec failed
03-30 15:17:15.749: E/AKMD2(306): AKD_GetAccelerationData read() failed
03-30 15:17:15.749: E/AKMD2(306): AKMD2: GetAccVec failed
03-30 15:17:15.759: E/AKMD2(306): AKD_GetAccelerationData read() failed
03-30 15:17:15.759: E/AKMD2(306): AKMD2: GetAccVec failed
03-30 15:17:15.779: E/AKMD2(306): AKD_GetAccelerationData read() failed
03-30 15:17:15.779: E/AKMD2(306): AKMD2: GetAccVec failed
03-30 15:17:15.819: D/TiAPI(12978): True heading should be less than 360 and is:undefined
03-30 15:17:15.829: E/GPS(306): [assist_gps_request_set_id][line = 1235] : Failed with INVALID SET-ID TYPE
03-30 15:17:15.829: E/AKMD2(306): AKD_GetAccelerationData read() failed
03-30 15:17:15.829: E/AKMD2(306): AKMD2: GetAccVec failed
03-30 15:17:15.889: E/AKMD2(306): AKD_GetAccelerationData read() failed
03-30 15:17:15.889: E/AKMD2(306): AKMD2: GetAccVec failed
03-30 15:17:16.049: D/TiAPI(12978): True heading should be less than 360 and is:undefined
03-30 15:17:16.129: I/GPS(306): gps_engine_status_update: called acquire_wakelock_cb
03-30 15:17:16.319: D/TiAPI(12978): True heading should be less than 360 and is:undefined
03-30 15:17:16.359: D/HierarchicalStateMachine(306): handleMessage: E msg.what=83
03-30 15:17:16.359: D/HierarchicalStateMachine(306): processMsg: ConnectedState
03-30 15:17:16.359: D/WifiStateMachine(306): ConnectedState{ what=83 when=-3ms arg1=54 }
03-30 15:17:16.389: D/HierarchicalStateMachine(306): handleMessage: X
03-30 15:17:16.629: D/TiAPI(12978): True heading should be less than 360 and is:undefined
03-30 15:17:16.929: D/TiAPI(12978): True heading should be less than 360 and is:undefined
03-30 15:17:17.179: D/TiAPI(12978): True heading should be less than 360 and is:undefined
03-30 15:17:17.479: D/TiAPI(12978): True heading should be less than 360 and is:undefined
03-30 15:17:17.629: V/WindowOrientationListener(306): rotation : 0 Angle: 3 tilt: 52
03-30 15:17:17.779: D/TiAPI(12978): True heading should be less than 360 and is:undefined
03-30 15:17:18.079: D/TiAPI(12978): True heading should be less than 360 and is:undefined
03-30 15:17:18.379: D/TiAPI(12978): True heading should be less than 360 and is:undefined
03-30 15:17:18.689: D/TiAPI(12978): True heading should be less than 360 and is:undefined
03-30 15:17:18.989: D/TiAPI(12978): True heading should be less than 360 and is:undefined
03-30 15:17:19.289: D/TiAPI(12978): True heading should be less than 360 and is:undefined
03-30 15:17:19.389: D/HierarchicalStateMachine(306): handleMessage: E msg.what=83
03-30 15:17:19.389: D/HierarchicalStateMachine(306): processMsg: ConnectedState
03-30 15:17:19.389: D/WifiStateMachine(306): ConnectedState{ what=83 when=-6ms arg1=54 }
03-30 15:17:19.399: D/HierarchicalStateMachine(306): handleMessage: X
03-30 15:17:19.589: D/TiAPI(12978): True heading should be less than 360 and is:undefined
03-30 15:17:19.899: D/TiAPI(12978): True heading should be less than 360 and is:undefined
03-30 15:17:20.199: D/TiAPI(12978): True heading should be less than 360 and is:undefined
03-30 15:17:20.449: I/InputReader(306): dispatchTouch::touch event's action is 0, pending(waiting finished signal)=0
03-30 15:17:20.449: I/InputDispatcher(306): Delivering touch to current input target: action: 0, channel '40f74928 StatusBar (server)'
03-30 15:17:20.449: I/InputDispatcher(306): Delivering touch to current input target: action: 0, channel 'TouchIntercepter (server)'
03-30 15:17:20.449: I/KeyguardViewMediator(306): mShowing false mNeedToReshowWhenReenabled false
03-30 15:17:20.449: I/ProvisionLog(306): [KeyguardUpdateMonitor] in isDeviceProvisioned(), now return true
03-30 15:17:20.449: I/KeyguardViewMediator(306): mShowing false mNeedToReshowWhenReenabled false
03-30 15:17:20.449: I/ProvisionLog(306): [KeyguardUpdateMonitor] in isDeviceProvisioned(), now return true
03-30 15:17:20.449: I/InputDispatcher(306): Delivering key to current input target: action: 0, channel '40cf74e8 com.appcelerator.Geolocation/ti.modules.titanium.ui.TiTabActivity (server)'
03-30 15:17:20.449: I/InputDispatcher(306): Delivering key to current input target: action: 0, channel 'TouchIntercepter (server)'
03-30 15:17:20.459: I/TabletStatusBar(353): MSG_UPDATE_STATUSBAR_AGAIN
03-30 15:17:20.489: D/TiAPI(12978): True heading should be less than 360 and is:undefined
03-30 15:17:20.629: I/InputReader(306): dispatchTouch::touch event's action is 1, pending(waiting finished signal)=0
03-30 15:17:20.629: I/InputDispatcher(306): Delivering touch to current input target: action: 1, channel '40f74928 StatusBar (server)'
03-30 15:17:20.629: I/InputDispatcher(306): Delivering touch to current input target: action: 1, channel 'TouchIntercepter (server)'
03-30 15:17:20.629: I/KeyguardViewMediator(306): mShowing false mNeedToReshowWhenReenabled false
03-30 15:17:20.629: V/WindowOrientationListener(306): rotation : 0 Angle: 3 tilt: 50
03-30 15:17:20.639: I/ProvisionLog(306): [KeyguardUpdateMonitor] in isDeviceProvisioned(), now return true
03-30 15:17:20.639: I/KeyguardViewMediator(306): mShowing false mNeedToReshowWhenReenabled false
03-30 15:17:20.639: I/ProvisionLog(306): [KeyguardUpdateMonitor] in isDeviceProvisioned(), now return true
03-30 15:17:20.639: I/InputDispatcher(306): Delivering key to current input target: action: 1, channel '40cf74e8 com.appcelerator.Geolocation/ti.modules.titanium.ui.TiTabActivity (server)'
03-30 15:17:20.639: I/InputDispatcher(306): Delivering key to current input target: action: 1, channel 'TouchIntercepter (server)'
03-30 15:17:20.739: E/TiBaseActivity(12978): (main) [6157,13471] Layout cleanup.
03-30 15:17:20.749: D/WindowManager(306): Setting visibility of AppWindowToken{40ceb200 token=ActivityRecord{40be8eb8 com.android.launcher/com.android.launcher2.Launcher}}: true
03-30 15:17:20.759: D/Launcher(389): ---KUYA isDefaultIMEI() KUYA---
03-30 15:17:20.759: E/TODmobile(12666): onReceive action=sec.android.intent.action.HOME_RESUME
03-30 15:17:20.759: D/ProgramMonitor(12659): START onReceive()_intent : Intent { act=sec.android.intent.action.HOME_RESUME flg=0x10 cmp=com.sec.android.widgetapp.programmonitorwidget/.ProgramMonitorProvider }
03-30 15:17:20.759: I/SurfaceFlinger(237): id=24(3) createSurface 0x14225c for pid 389 (1280x752),1 flag=0, com.android.launcher/com.android.launcher2.Launcher
03-30 15:17:20.769: E/TODmobile(12666): hour : 03 minute : 17
03-30 15:17:20.769: E/DigitalClockWidget(12666): updateWidgets
03-30 15:17:20.769: E/TODmobile(12666): hour : 03 minute : 17
03-30 15:17:20.769: D/Launcher(389): onWindowFocusChanged(true)
03-30 15:17:20.779: E/DigitalClockWidget(12666): onReceive action=sec.android.intent.action.HOME_RESUME
03-30 15:17:20.789: D/WindowManager(306): Desired input method target: Window{40c2cb10 com.android.launcher/com.android.launcher2.Launcher paused=false}
03-30 15:17:20.789: D/WindowManager(306): Current focus: Window{40c2cb10 com.android.launcher/com.android.launcher2.Launcher paused=false}
03-30 15:17:20.789: D/WindowManager(306): Last focus: Window{40c2cb10 com.android.launcher/com.android.launcher2.Launcher paused=false}
03-30 15:17:20.789: D/WindowManager(306): IM target client: com.android.internal.view.IInputMethodClient$Stub$Proxy@40c57118
03-30 15:17:20.789: D/WindowManager(306): IM target client binder: android.os.BinderProxy@40bfdd60
03-30 15:17:20.789: D/WindowManager(306): Requesting client binder: android.os.BinderProxy@40bfdd60
03-30 15:17:20.789: E/TODmobile(12666): onStartCommand
03-30 15:17:20.789: D/CLIPBOARD(12978): Hide Clipboard dialog at Starting input: finished by someone else... !
03-30 15:17:20.789: E/com.samsung.app(2691): [MSC]>>> StockClock_Integration.java:140 [0:0] onReceive sec.android.intent.action.HOME_RESUME
03-30 15:17:20.789: E/com.samsung.app(2691): [MSC]>>> WidgetIdManager.java:23 [0:0] StockClock_WidgetID_Length202
03-30 15:17:20.789: E/com.samsung.app(2691): [MSC]>>> WidgetIdManager.java:24 [0:0] getPrefIDs() : length = 0
03-30 15:17:20.789: E/com.samsung.app(2691): [MSC]>>> WidgetIdManager.java:23 [0:0] StockClock_WidgetID_Length203
03-30 15:17:20.789: E/com.samsung.app(2691): [MSC]>>> WidgetIdManager.java:24 [0:0] getPrefIDs() : length = 0
03-30 15:17:20.789: E/com.samsung.app(2691): [MSC]>>> WidgetIdManager.java:23 [0:0] StockClock_WidgetID_Length204
03-30 15:17:20.789: D/CLIPBOARD(306): Hide Clipboard dialog inside hideSoftInput() !
03-30 15:17:20.789: D/CLIPBOARD(306): Hide Clipboard dialog inside windowGainedFocus() !
03-30 15:17:20.789: E/com.samsung.app(2691): [MSC]>>> WidgetIdManager.java:24 [0:0] getPrefIDs() : length = 0
03-30 15:17:20.789: E/com.samsung.app(2691): [MSC]>>> WidgetIdManager.java:23 [0:0] StockClock_WidgetID_Length205
03-30 15:17:20.789: E/com.samsung.app(2691): [MSC]>>> WidgetIdManager.java:24 [0:0] getPrefIDs() : length = 0
03-30 15:17:20.789: E/com.samsung.app(2691): [MSC]>>> WidgetIdManager.java:23 [0:0] StockClock_WidgetID_Length207
03-30 15:17:20.789: E/com.samsung.app(2691): [MSC]>>> WidgetIdManager.java:24 [0:0] getPrefIDs() : length = 0
03-30 15:17:20.789: E/com.samsung.app(2691): [MSC]>>> WidgetIdManager.java:23 [0:0] StockClock_WidgetID_Length302
03-30 15:17:20.789: E/com.samsung.app(2691): [MSC]>>> WidgetIdManager.java:24 [0:0] getPrefIDs() : length = 0
03-30 15:17:20.789: E/com.samsung.app(2691): [MSC]>>> WidgetIdManager.java:23 [0:0] StockClock_WidgetID_Length303
03-30 15:17:20.789: E/com.samsung.app(2691): [MSC]>>> WidgetIdManager.java:24 [0:0] getPrefIDs() : length = 0
03-30 15:17:20.789: E/com.samsung.app(2691): [MSC]>>> WidgetIdManager.java:23 [0:0] StockClock_WidgetID_Length304
03-30 15:17:20.789: E/com.samsung.app(2691): [MSC]>>> WidgetIdManager.java:24 [0:0] getPrefIDs() : length = 0
03-30 15:17:20.789: E/com.samsung.app(2691): [MSC]>>> WidgetIdManager.java:23 [0:0] StockClock_WidgetID_Length305
03-30 15:17:20.789: E/com.samsung.app(2691): [MSC]>>> WidgetIdManager.java:24 [0:0] getPrefIDs() : length = 0
03-30 15:17:20.789: D/InputManagerService(306): startInputLocked: cs=ClientState{40b95ea0 uid 10034 pid 389}, cs.pid=389, Binding.getCallingPid()=306
03-30 15:17:20.789: I/WindowManager(306): Putting input method here!
03-30 15:17:20.789: D/WindowManager(306): w.mAttrs.token=ActivityRecord{40be8eb8 com.android.launcher/com.android.launcher2.Launcher}
03-30 15:17:20.789: D/WindowManager(306): w.mToken=AppWindowToken{40ceb200 token=ActivityRecord{40be8eb8 com.android.launcher/com.android.launcher2.Launcher}}
03-30 15:17:20.789: D/WindowManager(306): token=AppWindowToken{40ceb200 token=ActivityRecord{40be8eb8 com.android.launcher/com.android.launcher2.Launcher}}
03-30 15:17:20.789: I/WindowManager(306): Placing input method @2
03-30 15:17:20.799: E/com.samsung.app(2691): [MSC]>>> WidgetIdManager.java:23 [0:0] StockClock_WidgetID_Length307
03-30 15:17:20.799: E/TODmobile(12666): onReceive action=com.sec.android.widgetapp.DigitalClock_Start
03-30 15:17:20.799: E/TODmobile(12666): hour : 03 minute : 17
03-30 15:17:20.799: E/DigitalClockWidget(12666): updateWidgets
03-30 15:17:20.799: D/WindowManager(306): Setting visibility of AppWindowToken{41057700 token=ActivityRecord{40c58018 com.appcelerator.Geolocation/ti.modules.titanium.ui.TiTabActivity}}: false
03-30 15:17:20.809: E/com.samsung.app(2691): [MSC]>>> WidgetIdManager.java:24 [0:0] getPrefIDs() : length = 0
03-30 15:17:20.809: D/SocialHubWidgetProvider(2704): ===== onReceive()=action=sec.android.intent.action.HOME_RESUME
03-30 15:17:20.809: D/SocialHubWidgetProvider(2704): ===== onReceive()=extras=null
03-30 15:17:20.819: E/com.samsung.app(545): [MSC]>>> WeatherWidgetProvider.java:352 [0:0] onReceive()@@@ sec.android.intent.action.HOME_RESUME
03-30 15:17:20.819: E/com.samsung.app(545): [MSC]>>> WidgetIdManager.java:53 [0:0] AccuWeatherClockWidgetID_Length
03-30 15:17:20.819: E/com.samsung.app(545): [MSC]>>> WidgetIdManager.java:54 [0:0] getPrefIDs() : length = 0
03-30 15:17:20.819: E/TODmobile(12666): hour : 03 minute : 17
03-30 15:17:20.839: I/PhotoAppWidgetProvider(588): Gallery PhotoWidget ResumeSlideShow
03-30 15:17:20.849: D/WidgetProvider(12683): onReceive action : sec.android.intent.action.HOME_RESUME
03-30 15:17:20.849: D/TiAPI(12978): True heading should be less than 360 and is:undefined
03-30 15:17:21.029: I/SurfaceFlinger(237): id=23 Removed com.appcelerator.Geolocation/ti.modules.titanium.ui.TiTabActivity idx=3 Map Size=3
03-30 15:17:21.029: I/ActivityManager(306): No longer want com.osp.app.signin (pid 687): hidden #26
03-30 15:17:21.049: E/TiBaseActivity(12978): (main) [313,13784] Layout cleanup.
03-30 15:17:21.059: I/SurfaceFlinger(237): id=23 Removed com.appcelerator.Geolocation/ti.modules.titanium.ui.TiTabActivity idx=-2 Map Size=3
03-30 15:17:21.059: E/TiBaseActivity(12978): (main) [8,13792] Layout cleanup.
03-30 15:17:21.159: W/V8Object(12978): Runtime disposed, cannot fire event 'heading'
03-30 15:17:21.209: E/Watchdog(306): !@Sync 205
03-30 15:17:21.409: W/V8Object(12978): Runtime disposed, cannot fire event 'heading'
03-30 15:17:21.709: W/V8Object(12978): Runtime disposed, cannot fire event 'heading'
03-30 15:17:22.009: W/V8Object(12978): Runtime disposed, cannot fire event 'heading'
03-30 15:17:22.309: W/V8Object(12978): Runtime disposed, cannot fire event 'heading'
03-30 15:17:22.399: D/HierarchicalStateMachine(306): handleMessage: E msg.what=83
03-30 15:17:22.399: D/HierarchicalStateMachine(306): processMsg: ConnectedState
03-30 15:17:22.399: D/WifiStateMachine(306): ConnectedState{ what=83 when=-3ms arg1=54 }
03-30 15:17:22.419: D/HierarchicalStateMachine(306): handleMessage: X
03-30 15:17:22.609: W/V8Object(12978): Runtime disposed, cannot fire event 'heading'
03-30 15:17:22.909: W/V8Object(12978): Runtime disposed, cannot fire event 'heading'
03-30 15:17:23.219: W/V8Object(12978): Runtime disposed, cannot fire event 'heading'
03-30 15:17:23.519: W/V8Object(12978): Runtime disposed, cannot fire event 'heading'
03-30 15:17:23.629: V/WindowOrientationListener(306): rotation : 0 Angle: 3 tilt: 53
03-30 15:17:23.819: W/V8Object(12978): Runtime disposed, cannot fire event 'heading'
03-30 15:17:24.119: W/V8Object(12978): Runtime disposed, cannot fire event 'heading'
03-30 15:17:24.419: W/V8Object(12978): Runtime disposed, cannot fire event 'heading'
03-30 15:17:24.719: W/V8Object(12978): Runtime disposed, cannot fire event 'heading'
03-30 15:17:25.029: W/V8Object(12978): Runtime disposed, cannot fire event 'heading'
03-30 15:17:25.329: W/V8Object(12978): Runtime disposed, cannot fire event 'heading'
03-30 15:17:25.419: D/HierarchicalStateMachine(306): handleMessage: E msg.what=83
03-30 15:17:25.419: D/HierarchicalStateMachine(306): processMsg: ConnectedState
03-30 15:17:25.419: D/WifiStateMachine(306): ConnectedState{ what=83 when=-3ms arg1=54 }
03-30 15:17:25.439: D/HierarchicalStateMachine(306): handleMessage: X
03-30 15:17:25.629: W/V8Object(12978): Runtime disposed, cannot fire event 'heading'
03-30 15:17:25.929: W/V8Object(12978): Runtime disposed, cannot fire event 'heading'
03-30 15:17:26.229: W/V8Object(12978): Runtime disposed, cannot fire event 'heading'
03-30 15:17:26.459: W/PowerManagerService(306): Timer 0x3->0x3|0x0
03-30 15:17:26.489: D/dalvikvm(362): GC_CONCURRENT freed 385K, 60% free 6459K/15879K, paused 6ms+4ms
03-30 15:17:26.529: W/V8Object(12978): Runtime disposed, cannot fire event 'heading'
03-30 15:17:26.839: W/V8Object(12978): Runtime disposed, cannot fire event 'heading'
03-30 15:17:27.139: W/V8Object(12978): Runtime disposed, cannot fire event 'heading'
03-30 15:17:27.439: W/V8Object(12978): Runtime disposed, cannot fire event 'heading'
03-30 15:17:27.749: W/V8Object(12978): Runtime disposed, cannot fire event 'heading'
03-30 15:17:28.049: W/V8Object(12978): Runtime disposed, cannot fire event 'heading'
03-30 15:17:28.349: W/V8Object(12978): Runtime disposed, cannot fire event 'heading'
03-30 15:17:28.449: D/HierarchicalStateMachine(306): handleMessage: E msg.what=83
03-30 15:17:28.449: D/HierarchicalStateMachine(306): processMsg: ConnectedState
03-30 15:17:28.449: D/WifiStateMachine(306): ConnectedState{ what=83 when=-5ms arg1=54 }
03-30 15:17:28.459: D/HierarchicalStateMachine(306): handleMessage: X
03-30 15:17:28.649: W/V8Object(12978): Runtime disposed, cannot fire event 'heading'
03-30 15:17:28.949: W/V8Object(12978): Runtime disposed, cannot fire event 'heading'
03-30 15:17:29.249: W/V8Object(12978): Runtime disposed, cannot fire event 'heading'
03-30 15:17:29.549: W/V8Object(12978): Runtime disposed, cannot fire event 'heading'
03-30 15:17:29.849: W/V8Object(12978): Runtime disposed, cannot fire event 'heading'
03-30 15:17:30.159: W/V8Object(12978): Runtime disposed, cannot fire event 'heading'
03-30 15:17:30.459: W/V8Object(12978): Runtime disposed, cannot fire event 'heading'
03-30 15:17:30.499: D/dalvikvm(2864): GC_EXPLICIT freed 285K, 7% free 7553K/8071K, paused 3ms+2ms
03-30 15:17:30.759: W/V8Object(12978): Runtime disposed, cannot fire event 'heading'
03-30 15:17:31.059: W/V8Object(12978): Runtime disposed, cannot fire event 'heading'
03-30 15:17:31.359: W/V8Object(12978): Runtime disposed, cannot fire event 'heading'
03-30 15:17:31.469: D/HierarchicalStateMachine(306): handleMessage: E msg.what=83
03-30 15:17:31.469: D/HierarchicalStateMachine(306): processMsg: ConnectedState
03-30 15:17:31.469: D/WifiStateMachine(306): ConnectedState{ what=83 when=-4ms arg1=54 }
03-30 15:17:31.479: D/HierarchicalStateMachine(306): handleMessage: X
03-30 15:17:31.659: W/V8Object(12978): Runtime disposed, cannot fire event 'heading'
03-30 15:17:31.959: W/V8Object(12978): Runtime disposed, cannot fire event 'heading'
03-30 15:17:32.259: W/V8Object(12978): Runtime disposed, cannot fire event 'heading'
03-30 15:17:32.469: D/MPLSensor(306): cb_onMotion:2
03-30 15:17:32.569: W/V8Object(12978): Runtime disposed, cannot fire event 'heading'
03-30 15:17:32.869: W/V8Object(12978): Runtime disposed, cannot fire event 'heading'
03-30 15:17:33.169: W/V8Object(12978): Runtime disposed, cannot fire event 'heading'
03-30 15:17:33.299: D/dalvikvm(362): GC_CONCURRENT freed 385K, 60% free 6459K/15879K, paused 6ms+4ms
03-30 15:17:33.469: W/V8Object(12978): Runtime disposed, cannot fire event 'heading'
03-30 15:17:33.779: W/V8Object(12978): Runtime disposed, cannot fire event 'heading'
03-30 15:17:34.079: W/V8Object(12978): Runtime disposed, cannot fire event 'heading'
03-30 15:17:34.379: W/V8Object(12978): Runtime disposed, cannot fire event 'heading'
03-30 15:17:34.489: D/HierarchicalStateMachine(306): handleMessage: E msg.what=83
03-30 15:17:34.489: D/HierarchicalStateMachine(306): processMsg: ConnectedState
03-30 15:17:34.489: D/WifiStateMachine(306): ConnectedState{ what=83 when=-1ms arg1=54 }
03-30 15:17:34.499: D/HierarchicalStateMachine(306): handleMessage: X
03-30 15:17:34.679: W/V8Object(12978): Runtime disposed, cannot fire event 'heading'
03-30 15:17:34.989: W/V8Object(12978): Runtime disposed, cannot fire event 'heading'
03-30 15:17:35.279: W/V8Object(12978): Runtime disposed, cannot fire event 'heading'
03-30 15:17:35.519: D/dalvikvm(899): GC_EXPLICIT freed 298K, 13% free 6417K/7367K, paused 6ms+16ms
03-30 15:17:35.589: W/V8Object(12978): Runtime disposed, cannot fire event 'heading'
03-30 15:17:35.889: W/V8Object(12978): Runtime disposed, cannot fire event 'heading'
03-30 15:17:36.189: W/V8Object(12978): Runtime disposed, cannot fire event 'heading'
03-30 15:17:36.489: W/V8Object(12978): Runtime disposed, cannot fire event 'heading'
03-30 15:17:36.799: W/V8Object(12978): Runtime disposed, cannot fire event 'heading'
03-30 15:17:37.099: W/V8Object(12978): Runtime disposed, cannot fire event 'heading'
03-30 15:17:37.399: W/V8Object(12978): Runtime disposed, cannot fire event 'heading'
03-30 15:17:37.499: D/HierarchicalStateMachine(306): handleMessage: E msg.what=83
03-30 15:17:37.499: D/HierarchicalStateMachine(306): processMsg: ConnectedState
03-30 15:17:37.499: D/WifiStateMachine(306): ConnectedState{ what=83 when=-3ms arg1=54 }
03-30 15:17:37.519: D/HierarchicalStateMachine(306): handleMessage: X
03-30 15:17:37.699: W/V8Object(12978): Runtime disposed, cannot fire event 'heading'
03-30 15:17:37.999: W/V8Object(12978): Runtime disposed, cannot fire event 'heading'
03-30 15:17:38.299: W/V8Object(12978): Runtime disposed, cannot fire event 'heading'
03-30 15:17:38.599: W/V8Object(12978): Runtime disposed, cannot fire event 'heading'
03-30 15:17:38.899: W/V8Object(12978): Runtime disposed, cannot fire event 'heading'
03-30 15:17:39.209: W/V8Object(12978): Runtime disposed, cannot fire event 'heading'
03-30 15:17:39.509: W/V8Object(12978): Runtime disposed, cannot fire event 'heading'
03-30 15:17:39.809: W/V8Object(12978): Runtime disposed, cannot fire event 'heading'
03-30 15:17:40.049: D/dalvikvm(362): GC_CONCURRENT freed 385K, 60% free 6459K/15879K, paused 2ms+3ms
03-30 15:17:40.109: W/V8Object(12978): Runtime disposed, cannot fire event 'heading'
03-30 15:17:40.409: W/V8Object(12978): Runtime disposed, cannot fire event 'heading'
03-30 15:17:40.509: D/dalvikvm(2714): GC_EXPLICIT freed 71K, 5% free 6224K/6531K, paused 4ms+7ms
03-30 15:17:40.519: D/HierarchicalStateMachine(306): handleMessage: E msg.what=83
03-30 15:17:40.519: D/HierarchicalStateMachine(306): processMsg: ConnectedState
03-30 15:17:40.519: D/WifiStateMachine(306): ConnectedState{ what=83 when=-2ms arg1=54 }
03-30 15:17:40.529: D/HierarchicalStateMachine(306): handleMessage: X
03-30 15:17:40.709: W/V8Object(12978): Runtime disposed, cannot fire event 'heading'
03-30 15:17:41.009: W/V8Object(12978): Runtime disposed, cannot fire event 'heading'
03-30 15:17:41.309: W/V8Object(12978): Runtime disposed, cannot fire event 'heading'
03-30 15:17:41.609: W/V8Object(12978): Runtime disposed, cannot fire event 'heading'
03-30 15:17:41.909: W/V8Object(12978): Runtime disposed, cannot fire event 'heading'
03-30 15:17:42.219: W/V8Object(12978): Runtime disposed, cannot fire event 'heading'
03-30 15:17:42.519: W/V8Object(12978): Runtime disposed, cannot fire event 'heading'
03-30 15:17:42.819: W/V8Object(12978): Runtime disposed, cannot fire event 'heading'
03-30 15:17:43.129: W/V8Object(12978): Runtime disposed, cannot fire event 'heading'
03-30 15:17:43.429: W/V8Object(12978): Runtime disposed, cannot fire event 'heading'
03-30 15:17:43.529: D/HierarchicalStateMachine(306): handleMessage: E msg.what=83
03-30 15:17:43.529: D/HierarchicalStateMachine(306): processMsg: ConnectedState
03-30 15:17:43.529: D/WifiStateMachine(306): ConnectedState{ what=83 when=-4ms arg1=54 }
03-30 15:17:43.529: D/HierarchicalStateMachine(306): handleMessage: X
03-30 15:17:43.729: W/V8Object(12978): Runtime disposed, cannot fire event 'heading'
03-30 15:17:44.029: W/V8Object(12978): Runtime disposed, cannot fire event 'heading'
03-30 15:17:44.339: W/V8Object(12978): Runtime disposed, cannot fire event 'heading'
03-30 15:17:44.639: W/V8Object(12978): Runtime disposed, cannot fire event 'heading'
03-30 15:17:44.939: W/V8Object(12978): Runtime disposed, cannot fire event 'heading'
03-30 15:17:45.239: W/V8Object(12978): Runtime disposed, cannot fire event 'heading'
03-30 15:17:45.529: D/dalvikvm(545): GC_EXPLICIT freed 291K, 9% free 6338K/6919K, paused 4ms+4ms
03-30 15:17:45.539: W/V8Object(12978): Runtime disposed, cannot fire event 'heading'
03-30 15:17:45.839: W/V8Object(12978): Runtime disposed, cannot fire event 'heading'
03-30 15:17:46.139: W/V8Object(12978): Runtime disposed, cannot fire event 'heading'
03-30 15:17:46.439: W/V8Object(12978): Runtime disposed, cannot fire event 'heading'
03-30 15:17:46.539: D/HierarchicalStateMachine(306): handleMessage: E msg.what=83
03-30 15:17:46.539: D/HierarchicalStateMachine(306): processMsg: ConnectedState
03-30 15:17:46.539: D/WifiStateMachine(306): ConnectedState{ what=83 when=-1ms arg1=54 }
03-30 15:17:46.549: D/HierarchicalStateMachine(306): handleMessage: X
03-30 15:17:46.759: W/V8Object(12978): Runtime disposed, cannot fire event 'heading'
03-30 15:17:46.769: D/dalvikvm(362): GC_CONCURRENT freed 385K, 60% free 6459K/15879K, paused 2ms+4ms
03-30 15:17:47.039: W/V8Object(12978): Runtime disposed, cannot fire event 'heading'
03-30 15:17:47.349: W/V8Object(12978): Runtime disposed, cannot fire event 'heading'
03-30 15:17:47.649: W/V8Object(12978): Runtime disposed, cannot fire event 'heading'
03-30 15:17:47.939: W/V8Object(12978): Runtime disposed, cannot fire event 'heading'
03-30 15:17:48.249: W/V8Object(12978): Runtime disposed, cannot fire event 'heading'
03-30 15:17:48.549: W/V8Object(12978): Runtime disposed, cannot fire event 'heading'
03-30 15:17:48.849: W/V8Object(12978): Runtime disposed, cannot fire event 'heading'
03-30 15:17:49.149: W/V8Object(12978): Runtime disposed, cannot fire event 'heading'
03-30 15:17:49.449: W/V8Object(12978): Runtime disposed, cannot fire event 'heading'
03-30 15:17:49.549: D/HierarchicalStateMachine(306): handleMessage: E msg.what=83
03-30 15:17:49.549: D/HierarchicalStateMachine(306): processMsg: ConnectedState
03-30 15:17:49.549: D/WifiStateMachine(306): ConnectedState{ what=83 when=-3ms arg1=54 }
03-30 15:17:49.569: D/HierarchicalStateMachine(306): handleMessage: X
03-30 15:17:49.759: W/V8Object(12978): Runtime disposed, cannot fire event 'heading'
03-30 15:17:50.059: W/V8Object(12978): Runtime disposed, cannot fire event 'heading'
03-30 15:17:50.359: W/V8Object(12978): Runtime disposed, cannot fire event 'heading'
03-30 15:17:50.509: D/dalvikvm(2637): GC_EXPLICIT freed 22K, 6% free 6199K/6531K, paused 3ms+3ms
03-30 15:17:50.659: W/V8Object(12978): Runtime disposed, cannot fire event 'heading'
03-30 15:17:50.749: W/TiAnalyticsSvc(12978): (Thread-15) [29692,43484] Analytics Service Started
03-30 15:17:50.779: I/TiAnalyticsSvc(12978): (Thread-15) [35,43519] Sending 4 analytics events.
03-30 15:17:50.959: W/V8Object(12978): Runtime disposed, cannot fire event 'heading'
03-30 15:17:51.199: D/dalvikvm(12978): GC_CONCURRENT freed 409K, 7% free 8035K/8583K, paused 3ms+5ms
03-30 15:17:51.219: E/Watchdog(306): !@Sync 206
03-30 15:17:51.259: W/V8Object(12978): Runtime disposed, cannot fire event 'heading'
03-30 15:17:51.449: D/dalvikvm(12978): GC_FOR_ALLOC freed 123K, 8% free 8132K/8775K, paused 28ms
03-30 15:17:51.449: I/dalvikvm-heap(12978): Grow heap (frag case) to 8.174MB for 131088-byte allocation
03-30 15:17:51.499: D/dalvikvm(12978): GC_FOR_ALLOC freed <1K, 8% free 8259K/8967K, paused 34ms
03-30 15:17:51.569: W/V8Object(12978): Runtime disposed, cannot fire event 'heading'
03-30 15:17:51.629: W/TiAnalyticsSvc(12978): (Thread-15) [841,44360] Stopping Analytics Service
03-30 15:17:51.869: W/V8Object(12978): Runtime disposed, cannot fire event 'heading'
03-30 15:17:52.169: W/V8Object(12978): Runtime disposed, cannot fire event 'heading'
03-30 15:17:52.469: W/V8Object(12978): Runtime disposed, cannot fire event 'heading'
03-30 15:17:52.569: D/HierarchicalStateMachine(306): handleMessage: E msg.what=83
03-30 15:17:52.569: D/HierarchicalStateMachine(306): processMsg: ConnectedState
03-30 15:17:52.569: D/WifiStateMachine(306): ConnectedState{ what=83 when=-3ms arg1=54 }
03-30 15:17:52.589: D/HierarchicalStateMachine(306): handleMessage: X
03-30 15:17:52.769: W/V8Object(12978): Runtime disposed, cannot fire event 'heading'
03-30 15:17:53.069: W/V8Object(12978): Runtime disposed, cannot fire event 'heading'
03-30 15:17:53.379: W/V8Object(12978): Runtime disposed, cannot fire event 'heading'
03-30 15:17:53.489: D/dalvikvm(362): GC_CONCURRENT freed 385K, 60% free 6459K/15879K, paused 3ms+3ms
03-30 15:17:53.679: W/V8Object(12978): Runtime disposed, cannot fire event 'heading'
03-30 15:17:53.789: D/BatteryService(306): update start
03-30 15:17:53.789: D/BatteryService(306): level:43 scale:100 status:3 health:2 present:true voltage: 3 temperature: 265 technology: Li-ion AC powered:false USB powered:true icon:17302767 invalid charger:0
03-30 15:17:53.799: D/KeyguardUpdateMonitor(306): received broadcast android.intent.action.BATTERY_CHANGED
03-30 15:17:53.799: D/KeyguardUpdateMonitor(306): handleBatteryUpdate
03-30 15:17:53.799: D/KeyguardUpdateMonitor(306): isBatteryUpdateInteresting(batteryStatus = 3, mBatteryStatus =3, batteryLevel=43
03-30 15:17:53.799: D/KeyguardUpdateMonitor(306): isBatteryUpdateInteresting(stateChangedWhilePluggedIn = false, isPluggedIn =false, isPluggedIn=false
03-30 15:17:53.799: D/WifiService(306): ACTION_BATTERY_CHANGED pluggedType: 2
03-30 15:17:53.979: W/V8Object(12978): Runtime disposed, cannot fire event 'heading'
03-30 15:17:54.289: W/V8Object(12978): Runtime disposed, cannot fire event 'heading'
03-30 15:17:54.589: W/V8Object(12978): Runtime disposed, cannot fire event 'heading'
03-30 15:17:54.899: W/V8Object(12978): Runtime disposed, cannot fire event 'heading'
03-30 15:17:55.189: W/V8Object(12978): Runtime disposed, cannot fire event 'heading'
03-30 15:17:55.489: W/V8Object(12978): Runtime disposed, cannot fire event 'heading'
03-30 15:17:55.589: D/HierarchicalStateMachine(306): handleMessage: E msg.what=83
03-30 15:17:55.589: D/HierarchicalStateMachine(306): processMsg: ConnectedState
03-30 15:17:55.589: D/WifiStateMachine(306): ConnectedState{ what=83 when=-3ms arg1=54 }
03-30 15:17:55.599: D/HierarchicalStateMachine(306): handleMessage: X
03-30 15:17:55.789: W/V8Object(12978): Runtime disposed, cannot fire event 'heading'
03-30 15:17:56.089: W/V8Object(12978): Runtime disposed, cannot fire event 'heading'
03-30 15:17:56.389: W/V8Object(12978): Runtime disposed, cannot fire event 'heading'
03-30 15:17:56.699: W/V8Object(12978): Runtime disposed, cannot fire event 'heading'